610)/(-15). Let l = z + 62. Calculate the highest common divisor of l and 55.
11
Let l = -110 + 121. Calculate the highest common factor of 11 and l.
11
Let t be (-2)/(-5) - (3132/(-15))/3. Calculate the highest common divisor of 14 and t.
14
Suppose 0*w + 4*x = -2*w - 8, -5*w = 2*x - 12. Let j be (w - 2)/(6/27). Calculate the highest common divisor of j and 6.
3
Let m = 19 + -8. Suppose 0 = -2*n + m + 13. Calculate the greatest common factor of 60 and n.
12
Let o be (-3*4)/(6/(-20)). Calculate the greatest common factor of o and 10.
10
Let u(n) = 10*n**2 - 8*n + 4. Let l be u(4). Let m be (-12)/(0 - 1 - 0). Calculate the highest common divisor of l and m.
12
Let m(s) = -s**3 + 28*s**2 - 21*s - 130. Let a be m(27). Let n = -10 - -14. Calculate the greatest common factor of n and a.
4
Suppose -m = 2*s - 144, -2*m + 4*s = -376 + 56. What is the greatest common divisor of 8 and m?
8
Let t(n) = 7*n + 4. Let r be t(3). Let l(w) = -w + 98. Let d be l(0). Let c = d + 127. Calculate the highest common factor of r and c.
25
Let y = -119 - -182. Calculate the greatest common divisor of 7 and y.
7
Let z = -43 + 57. What is the highest common divisor of 4 and z?
2
Let t(y) = 7*y + 2. Let q be t(6). Calculate the highest common factor of q and 4.
4
Suppose 0 = -0*s - 5*s - 5*m - 50, 2*m + 42 = -4*s. Let v = s + 17. Let n be (6/(-4))/((-5)/10). Calculate the greatest common divisor of n and v.
3
Let v be (-2)/4 + (-53)/(-2). Let x = 39 - v. Let t be 6/(-15) - 1044/(-10). Calculate the highest common factor of t and x.
13
Let p(a) = a**2 + 8*a + 7. Let m be p(-7). Suppose -5*r = -o + 20, m = -5*o + o - 3*r + 57. What is the greatest common factor of 6 and o?
3
Suppose -3*x - 4*l + 95 = 0, 5*l + 0*l = 4*x - 75. Suppose -5*z + 948 = 3*k + 98, z = 2*k - 545. Calculate the greatest common divisor of x and k.
25
Suppose -4*x = -143 - 85. Calculate the greatest common factor of 38 and x.
19
Let g(q) = q**2 - 2*q - 5. Let z be g(4). Suppose -z*p + 392 = p. Calculate the highest common divisor of 14 and p.
14
Suppose 9*f = 3*f + 150. What is the greatest common factor of f and 10?
5
Let d(r) = 2 + 0*r - 9 + 4*r. Let p(i) = i - 3. Let l be p(9). Let f be d(l). What is the highest common factor of f and 34?
17
Let f(v) = 123*v - 3. Let q be f(1). Calculate the greatest common divisor of 20 and q.
20
Suppose 7 = -0*d + d. Let g = 9 - d. Let l be (-1)/g*(-216 + -4). Calculate the highest common factor of l and 11.
11
Let w = 9 + -4. Suppose 3*c + 3*i = -6, -5*c - 24 = -w*i + 26. Let l = 30 - c. Calculate the greatest common divisor of 4 and l.
4
Let z(w) = w - 3. Let a be z(6). Let r be (-645)/(-9) - (-1)/a. Calculate the highest common factor of 18 and r.
18
Let n(a) = -2 + 7*a - a - 4*a. Let k be n(3). Suppose -k*j = -3*r - 3 + 1, 0 = j + 4*r - 10. What is the greatest common factor of j and 6?
2
Suppose -3*t = 2*w - 69, -w - 6 = -2*t - 23. Calculate the greatest common divisor of 63 and w.
9
Suppose -300 = -4*i - 8*i. What is the highest common factor of i and 175?
25
Suppose 0 = 9*n + 42 - 330. Calculate the highest common factor of 80 and n.
16
Let x = 26 - -11. What is the highest common divisor of 407 and x?
37
Suppose 6 + 174 = 3*i. What is the highest common divisor of i and 12?
12
Let y be (-42)/(-15)*(-2 - -7). Suppose -2*a + y - 6 = 0. Suppose f - 440 = -a*f. What is the highest common divisor of 8 and f?
8
Let m(x) = 40*x**3 - 2*x**2 + 2*x - 1. Suppose -4*k - z = -5, z = k + 2*z - 2. Let y be m(k). What is the highest common divisor of y and 26?
13
Let v(i) = -2*i - 2. Suppose 0 = 2*b + 5 - 1. Let h be v(b). Calculate the highest common divisor of 1 and h.
1
Let u = 37 + -7. Calculate the highest common divisor of 45 and u.
15
Suppose 0 = -5*g + g + 48. Suppose -n - 4*n + 90 = -4*a, -n = 3*a - 18. Let b = n - g. Calculate the highest common factor of b and 18.
6
Let l = -62 + 128. Calculate the highest common factor of l and 11.
11
Suppose -3*o = 3 - 21. Suppose 2*d - 2*l = -o, 5*d - 2*l - 2*l + 11 = 0. Let j be 1/(-1) + d*14. Calculate the highest common factor of j and 65.
13
Let w be 2/(-8) + (-821)/(-4). Let p be 0 + (-15)/(1*-3). Suppose -3*m = -p*t + 335, 2*t + m + w = 5*t. What is the greatest common factor of t and 14?
14
Let g = -3 + 3. Suppose -2*p - 2*n + 28 = 0, p - n + g*n = 10. What is the highest common divisor of p and 18?
6
Let r be 8/(-36) - (-40)/18. Suppose -x + 7 = r. Suppose -x*a + 5 = -4*a. What is the greatest common factor of 25 and a?
5
Suppose 0 = -s - 4, -5*s - 40 = -3*q + q. Let h(u) = 4*u**2 - 3*u - 3. Let r be h(3). Let i = r + -14. Calculate the greatest common factor of q and i.
10
Suppose -2*i + 184 = 40. Let k = -751 + 760. What is the greatest common factor of i and k?
9
Let v be 690/(-9) + (-2)/(-3). Let h = -31 - v. Calculate the greatest common factor of 5 and h.
5
Let w(f) = -2*f**3 - f. Let s be w(-1). Suppose 0 = -4*h - s*z + 6, 5*h - 2*z - 3 = 16. Calculate the highest common divisor of h and 24.
3
Suppose 0 = 4*y + i - 1929 + 373, 2*i - 772 = -2*y. Calculate the highest common divisor of 39 and y.
39
Let x = 7 - 3. Let w = x + -3. Suppose -g - w = -10. Calculate the greatest common divisor of 1 and g.
1
Let p(x) = -x**3 - 6*x**2 - 3*x - 4. Let r be p(-6). What is the highest common divisor of r and 28?
14
Let s(t) = -t + 5. Let n(z) = -4. Let y(v) = -3*n(v) - 2*s(v). Let w be y(7). Calculate the highest common factor of w and 16.
16
Let j be -1 + 0 + -1 + 52. Suppose 117 = 8*v + 37. What is the greatest common divisor of j and v?
10
Let q(g) = -30*g**3 - 1. Let t be q(-1). Let z(m) = m**3 + m**2 + m + 1. Let d be z(-2). Let r = t - d. What is the highest common factor of 51 and r?
17
Let y = -3 - 3. Let w(v) = -10 - 5 + 3 - 9*v + 3. Let z be w(y). What is the greatest common divisor of z and 9?
9
Let t = -53 - -209. Calculate the greatest common factor of 39 and t.
39
Suppose -4*b - f + 417 = 0, -4*b + f + 432 = -3*f. Suppose -4*s + 143 = 47. Suppose -m + s = 9. What is the greatest common divisor of m and b?
15
Let v(k) = k**2 + k - 1 + 2*k**2 - 2*k**2 + 7. Let y be v(-6). Suppose 4*w = 7*w - 12. Calculate the greatest common divisor of y and w.
4
Let k(d) = d**3 + 9*d**2 + 9*d + 11. Let g be k(-8). Suppose g*s = -4 - 2. Let r(x) = -44*x. Let p be r(s). Calculate the greatest common factor of 8 and p.
8
Let q = -2 + 4. Suppose 1 - 7 = 3*k. Let l be (16/q)/(k/(-5)). Calculate the highest common factor of l and 50.
10
Suppose -q + 5 = 0, 0 = 5*k - 2*q - 0*q. Suppose -k*d + 4*d = 22. Calculate the greatest common divisor of 88 and d.
11
Suppose -3*y = -9 - 0. Suppose -2*z + 6*w - y*w = -88, -4*z + w = -156. Calculate the greatest common factor of 57 and z.
19
Let t be (6/18)/(1/75). Let z be 2/7 + t/35. Calculate the highest common divisor of 5 and z.
1
Let z be (4 + 0)/(1 - 0). Suppose -445 = -y - 4*y + 5*c, z*y + 4*c = 324. Calculate the highest common divisor of 17 and y.
17
Let d(j) = -j**3 - 5*j**2 + 4*j - 5. Let s be d(-6). Calculate the greatest common divisor of 56 and s.
7
Suppose -479 - 961 = -12*d. Calculate the highest common divisor of d and 72.
24
Suppose -2*g = g - 210. Calculate the highest common divisor of g and 14.
14
Suppose 0 = -b - 2*b + 78. Suppose -b + 86 = 2*c. What is the highest common divisor of c and 3?
3
Let r be 3/(2/(22/3)). What is the greatest common divisor of 88 and r?
11
Let t be 17 - (8/(-5) - (-24)/40). What is the highest common factor of t and 6?
6
Suppose 3*j - 4*j = -3. Suppose -2*k = -j*k - 2, -2*o + 64 = -4*k. Calculate the greatest common factor of o and 7.
7
Suppose 5*j - 2*c - 251 = 566, 3*j - 499 = -c. What is the greatest common factor of j and 33?
33
Let o(j) = 2*j**2 - 7*j - 15. Let z be o(-7). Let n(i) = -i**3 - 4*i**2 - 3*i. Let s be n(-4). What is the highest common factor of s and z?
12
Let g be 4/(-3)*(-5 - 1). Let n be g/(-20) - (-404)/10. What is the greatest common factor of n and 8?
8
Let o be (20/25)/(6/375). What is the greatest common factor of o and 10?
10
Let n(s) = 3*s - 20. Let q be n(9). Calculate the greatest common divisor of q and 49.
7
Let a(p) be the second derivative of p**5/20 - 5*p**4/12 - 2*p**3/3 - p**2 + p. Let g = 39 - 33. Let v be a(g). What is the greatest common factor of 50 and v?
10
Let m be (-81)/(-15) - (-2)/(-5). Let j(q) =